ded by 76?
6
What is the remainder when 15603 is divided by 459?
456
Calculate the remainder when 174329 is divided by 33.
23
What is the remainder when 5487 is divided by 1646?
549
What is the remainder when 165424 is divided by 1426?
8
What is the remainder when 6876 is divided by 26?
12
What is the remainder when 5063 is divided by 21?
2
What is the remainder when 41259 is divided by 11?
9
Calculate the remainder when 3677 is divided by 2499.
1178
What is the remainder when 45554 is divided by 28?
26
What is the remainder when 424 is divided by 296?
128
Calculate the remainder when 80470 is divided by 13410.
10
Calculate the remainder when 6518 is divided by 30.
8
What is the remainder when 50094 is divided by 50?
44
Calculate the remainder when 3888 is divided by 1080.
648
Calculate the remainder when 713 is divided by 223.
44
Calculate the remainder when 770086 is divided by 10.
6
Calculate the remainder when 185867 is divided by 2774.
9
What is the remainder when 1194 is divided by 392?
18
Calculate the remainder when 19291 is divided by 327.
325
What is the remainder when 99242 is divided by 886?
10
What is the remainder when 15125 is divided by 431?
40
What is the remainder when 395983 is divided by 368?
15
What is the remainder when 37720 is divided by 45?
10
Calculate the remainder when 34857 is divided by 60.
57
What is the remainder when 27830 is divided by 284?
282
What is the remainder when 8296 is divided by 333?
304
Calculate the remainder when 3696 is divided by 107.
58
Calculate the remainder when 3379 is divided by 87.
73
What is the remainder when 44989 is divided by 351?
61
Calculate the remainder when 5282 is divided by 1276.
178
What is the remainder when 13359 is divided by 6476?
407
What is the remainder when 217 is divided by 198?
19
What is the remainder when 82018 is divided by 280?
258
Calculate the remainder when 7597 is divided by 1539.
1441
Calculate the remainder when 20588 is divided by 49.
8
Calculate the remainder when 3538 is divided by 42.
10
What is the remainder when 85695 is divided by 18?
15
What is the remainder when 173213 is divided by 55?
18
What is the remainder when 5937 is divided by 495?
492
Calculate the remainder when 11791 is divided by 20.
11
Calculate the remainder when 15620 is divided by 42.
38
What is the remainder when 430610 is divided by 4?
2
What is the remainder when 6807 is divided by 13?
8
What is the remainder when 8295 is divided by 467?
356
What is the remainder when 17518 is divided by 1588?
50
Calculate the remainder when 226038 is divided by 84.
78
What is the remainder when 12029 is divided by 21?
17
What is the remainder when 106804 is divided by 962?
22
What is the remainder when 199681 is divided by 238?
237
Calculate the remainder when 14327 is divided by 14313.
14
What is the remainder when 366351 is divided by 14654?
1
Calculate the remainder when 61984 is divided by 11.
10
What is the remainder when 119581 is divided by 592?
589
Calculate the remainder when 43626 is divided by 3966.
0
What is the remainder when 1456 is divided by 25?
6
Calculate the remainder when 1309981 is divided by 1504.
1501
What is the remainder when 70542 is divided by 11755?
12
What is the remainder when 33640 is divided by 207?
106
What is the remainder when 26273 is divided by 216?
137
Calculate the remainder when 14904 is divided by 251.
95
What is the remainder when 19687 is divided by 547?
542
What is the remainder when 2762997 is divided by 20?
17
Calculate the remainder when 4141877 is divided by 20.
17
What is the remainder when 62032 is divided by 12401?
27
Calculate the remainder when 35319 is divided by 1018.
707
What is the remainder when 116143 is divided by 440?
423
Calculate the remainder when 49430 is divided by 33.
29
Calculate the remainder when 8267 is divided by 207.
194
Calculate the remainder when 2527 is divided by 2455.
72
What is the remainder when 21187 is divided by 588?
19
Calculate the remainder when 24688 is divided by 175.
13
Calculate the remainder when 27527 is divided by 199.
65
Calculate the remainder when 657682 is divided by 133.
130
What is the remainder when 191939 is divided by 48?
35
Calculate the remainder when 3753 is divided by 1041.
630
What is the remainder when 9294 is divided by 120?
54
What is the remainder when 34043 is divided by 117?
113
Calculate the remainder when 3046 is divided by 79.
44
What is the remainder when 778 is divided by 240?
58
Calculate the remainder when 14626 is divided by 130.
66
Calculate the remainder when 3241 is divided by 97.
40
What is the remainder when 13143 is divided by 4328?
159
What is the remainder when 774470 is divided by 524?
522
Calculate the remainder when 1723 is divided by 143.
7
Calculate the remainder when 2648 is divided by 12.
8
What is the remainder when 89990 is divided by 1111?
1110
What is the remainder when 16104 is divided by 264?
0
Calculate the remainder when 11111 is divided by 5091.
929
Calculate the remainder when 3102 is divided by 17.
8
What is the remainder when 55976 is divided by 196?
116
Calculate the remainder when 15458 is divided by 5148.
14
Calculate the remainder when 5120102 is divided by 913.
911
Calculate the remainder when 11892 is divided by 212.
20
Calculate the remainder when 3597 is divided by 150.
147
Calculate the remainder when 82465 is divided by 665.
5
What is the remainder when 15275 is divided by 67?
66
What is the remainder when 2647 is divided by 37?
20
Calculate the remainder when 42354 is divided by 1032.
42
Calculate the remainder when 15762 is divided by 354.
186
Calculate the remainder when 44989 is divided by 2642.
75
What is the remainder when 14688 is divided by 372?
180
What is the remainder when 16837 is divided by 45?
7
Calculate the remainder when 5956 is divided by 545.
506
Calculate the remainder when 130238 is divided by 29.
28
Calculate the remainder when 1002268 is divided by 39.
7
Calculate the remainder when 28589 is divided by 7107.
161
What is the remainder when 93294 is divided by 29?
1
What is the remainder when 233897 is divided by 151?
149
What is the remainder when 2575209 is divided by 82?
81
Calculate the remainder when 16560 is divided by 594.
522
What is the remainder when 2865616 is divided by 2793?
2791
What is the remainder when 3434 is divided by 1133?
35
Calculate the remainder when 13756 is divided by 1318.
576
What is the remainder when 3748853 is divided by 295?
288
What is the remainder when 3802 is divided by 221?
45
What is the remainder when 80039 is divided by 339?
35
What is the remainder when 26588 is divided by 44?
12
What is the remainder when 10998 is divided by 1408?
1142
What is the remainder when 240343 is divided by 37?
28
What is the remainder when 9539 is divided by 2291?
375
What is the remainder when 703 is divided by 217?
52
Calculate the remainder when 857 is divided by 12.
5
What is the remainder when 3279 is divided by 537?
57
Calculate the remainder when 43199 is divided by 129.
113
What is the remainder when 1300183 is divided by 97?
92
Calculate the remainder when 97430 is divided by 19486.
0
What is the remainder when 39547 is divided by 37?
31
What is the remainder when 545 is divided by 274?
271
What is the remainder when 549 is divided by 95?
74
What is the remainder when 5620 is divided by 25?
20
What is the remainder when 79409 is divided by 190?
179
Calculate the remainder when 11605 is divided by 575.
105
What is the remainder when 40367 is divided by 1495?
2
What is the remainder when 90032 is divided by 82?
78
Calculate the remainder when 50360 is divided by 12584.
24
Calculate the remainder when 1254 is divided by 609.
36
Calculate the remainder when 44926 is divided by 343.
336
Calculate the remainder when 6906 is divided by 1982.
960
Calculate the remainder when 24680 is divided by 514.
8
What is the remainder when 26252 is divided by 6552?
44
Calculate the remainder when 17435 is divided by 1242.
47
Calculate the remainder when 2833 is divided by 943.
4
Calculate the remainder when 7041 is divided by 248.
97
What is the remainder when 180 is divided by 106?
74
Calculate the remainder when 1802 is divided by 373.
310
What is the remainder when 163230 is divided by 54405?
15
What 